site number?
False
Is 309713 a prime number?
True
Is 119469223 a composite number?
True
Is 983557 composite?
False
Is 485596261 a composite number?
False
Is 101837843 a prime number?
False
Is 2018243 composite?
True
Is 198778063 composite?
True
Is 6105221 composite?
True
Is 13007089 prime?
False
Is 1705321 a composite number?
True
Is 289871 composite?
False
Is 27213287 composite?
False
Is 2050253 a composite number?
False
Is 107363629 composite?
False
Is 286444583 a composite number?
False
Is 955291 a prime number?
False
Is 2703929 a composite number?
False
Is 140357747 composite?
True
Is 1094629 composite?
False
Is 6028403 a prime number?
True
Is 133110787 a prime number?
False
Is 7395127 composite?
False
Is 52730459 a prime number?
False
Is 632705281 a prime number?
False
Is 94359801 prime?
False
Is 190542053 a prime number?
False
Is 132013 a prime number?
False
Is 17400109 a composite number?
False
Is 37789891 prime?
True
Is 8793007 prime?
False
Is 4561781 a composite number?
True
Is 126026503 a prime number?
True
Is 31131169 prime?
False
Is 328386043 prime?
False
Is 550010287 prime?
True
Is 3137527 a prime number?
False
Is 2035343 a prime number?
True
Is 1050163 a prime number?
False
Is 5417681 a composite number?
False
Is 3338429 prime?
True
Is 82739365 a composite number?
True
Is 52147 a prime number?
True
Is 13705667 prime?
True
Is 12812309 prime?
False
Is 2051167 composite?
False
Is 4310173 composite?
True
Is 112177889 a composite number?
False
Is 281509 a prime number?
True
Is 1984039 prime?
True
Is 14066909 a composite number?
True
Is 12289891 composite?
False
Is 13276909 prime?
False
Is 66126961 composite?
True
Is 73460773 composite?
False
Is 1889773 composite?
True
Is 69184673 composite?
True
Is 73505767 composite?
True
Is 7151605 a composite number?
True
Is 128047813 a prime number?
True
Is 2489999 a prime number?
True
Is 21815579 prime?
True
Is 70989367 composite?
True
Is 92884591 a composite number?
False
Is 23071891 a composite number?
True
Is 28223011 a prime number?
True
Is 12462707 a composite number?
False
Is 5746973 prime?
True
Is 432982681 a composite number?
True
Is 55134785 composite?
True
Is 11070251 prime?
True
Is 91532167 composite?
False
Is 36904009 prime?
False
Is 1095931 a prime number?
True
Is 57253387 a prime number?
False
Is 132488311 a prime number?
False
Is 4601273 prime?
True
Is 5824447 composite?
True
Is 3876841 prime?
False
Is 690311177 a composite number?
False
Is 566207323 composite?
True
Is 369532011 a prime number?
False
Is 24420309 composite?
True
Is 73844429 a prime number?
False
Is 4729531 a prime number?
True
Is 60544481 prime?
True
Is 12658289 prime?
False
Is 315527147 composite?
True
Is 4387441 a prime number?
True
Is 103892329 a composite number?
False
Is 60372683 composite?
True
Is 44833345 a composite number?
True
Is 52301 prime?
True
Is 16227781 a prime number?
False
Is 13187221 a prime number?
True
Is 11553103 prime?
False
Is 1005621 a composite number?
True
Is 9596161 prime?
True
Is 2209817 a composite number?
True
Is 2767393 composite?
False
Is 480277663 prime?
False
Is 1757741 a prime number?
True
Is 25973327 composite?
True
Is 236045335 a composite number?
True
Is 1845881 prime?
True
Is 17492239 a prime number?
True
Is 109342347 a composite number?
True
Is 38403007 a composite number?
False
Is 4796035 prime?
False
Is 882773 prime?
True
Is 917197223 a prime number?
True
Is 124479917 a composite number?
False
Is 569234777 a prime number?
True
Is 22568305 a composite number?
True
Is 14578399 a prime number?
False
Is 31538827 a composite number?
False
Is 1046113 a prime number?
True
Is 236136809 a prime number?
True
Is 35170183 composite?
False
Is 52409057 a prime number?
False
Is 8097431 a composite number?
False
Is 519242167 a composite number?
True
Is 67578313 a composite number?
True
Is 706301 a composite number?
False
Is 24429021 a composite number?
True
Is 1935326 a prime number?
False
Is 5843477 a composite number?
False
Is 2767727 prime?
False
Is 29622139 a prime number?
True
Is 99357407 prime?
False
Is 87697553 composite?
True
Is 266489 a composite number?
False
Is 230018431 composite?
True
Is 7804689 a composite number?
True
Is 58634287 composite?
False
Is 43765177 composite?
True
Is 4024957 prime?
True
Is 1581869 a composite number?
False
Is 26152769 a prime number?
True
Is 8492439 a prime number?
False
Is 2090157 a composite number?
True
Is 31135173 a prime number?
False
Is 71323873 prime?
False
Is 12086561 a prime number?
False
Is 19380049 prime?
False
Is 686967121 composite?
False
Is 1111549 composite?
True
Is 47578199 composite?
True
Is 96247063 prime?
False
Is 12322867 composite?
True
Is 319475807 prime?
False
Is 17193823 a composite number?
False
Is 43702723 a prime number?
True
Is 94435743 composite?
True
Is 19397161 prime?
False
Is 42733833 a prime number?
False
Is 287399837 composite?
False
Is 1599677 a composite number?
False
Is 3860723 a prime number?
True
Is 3420359 prime?
False
Is 872431 a prime number?
False
Is 24809273 a composite number?
True
Is 157304755 a prime number?
False
Is 6453331 prime?
False
Is 510981 prime?
False
Is 865717 a composite number?
False
Is 4243649 prime?
True
Is 45745747 a composite number?
False
Is 4866934 a composite number?
True
Is 19795819 prime?
True
Is 13778617 prime?
False
Is 778919 composite?
True
Is 231721235 a prime number?
False
Is 1142539 a prime number?
True
Is 24800485 a composite number?
True
Is 30452938 prime?
False
Is 94527643 a prime number?
False
Is 524572301 a prime number?
False
Is 31892827 a prime number?
True
Is 4029049 a prime number?
True
Is 4530261 a prime number?
False
Is 2796919 a prime number?
True
Is 5131777 composite?
True
Is 41260507 composite?
False
Is 1753733 prime?
True
Is 1012601 a prime number?
True
Is 161667867 a composite number?
True
Is 168178 composite?
True
Is 47988439 a prime number?
False
Is 6154807 a composite number?
False
Is 4396669 prime?
True
Is 11792197 composite?
False
Is 29505649 prime?
True
Is 401771 a prime number?
True
Is 24146237 prime?
False
Is 556177 prime?
True
Is 14583683 a composite number?
False
Is 7340395 a prime number?
False
Is 121478954 composite?
True
Is 12237227 a composite number?
False
Is 57640543 a composite number?
False
Is 558700157 a prime number?
True
Is 43850177 prime?
False
Is 45953015 prime?
False
Is 12231757 a prime number?
True
Is 3769561 a prime number?
False
Is 7955449 a composite number?
False
Is 2952086 a prime number?
False
Is 19282973 prime?
True
Is 1527343 a prime number?
False
Is 235794479 a composite number?
True
Is 8360393 prime?
False
Is 188421331 a composite number?
True
Is 1343567 a composite number?
False
Is 109798657 a prime number?
True
Is 8500523 composite?
True
Is 345605647 composite?
False
Is 281044571 a prime number?
True
Is 2221379 a prime number?
True
Is 35211955 composite?
True
Is 9547039 a composite number?
True
Is 35397143 prime?
False
Is 84922855 a composite number?
True
Is 468605947 composite?
True
Is 10215005 prime?
False
Is 929609 composite?
False
Is 589546 prime?
False
Is 78071137 composite?
False
Is 2246467 a composite number?
False
Is 580309 composite?
True
Is 1202611 prime?
False
Is 2919899 a prime number?
True
Is 22829993 a composite number?
False
Is 23657213 prime?
True
Is 57411997 prime?
True
Is 3518311 composite?
False
Is 194829763 a composite number?
False
Is 27731 a prime number?
False
Is 5009738 a composite number?
True
Is 38205058 composite?
True
Is 23257543 a composite number?
False
Is 16332991 a prime number?
False
Is 164146809 a composite number?
True
Is 1701079 a composite number?
False
Is 34209767 prime?
True
Is 6615823 a composite number?
True
Is 5313895 prime?
False
Is 14658817 a prime number?
True
Is 40708607 composite?
False
Is 304651 a prime number?
True
Is 1366381 a prime number?
False
Is 2471631 a prime number?
False
Is 1924361 composite?
True
Is 94738249 composite?
True
Is 23258249 composite?
True
Is 201942841 a prime number?
True
Is 113717 a prime number?
True
Is 13683727 a composite number?
False
Is 4307957 prime?
True
Is 65721803 composite?
True
Is 1381393 a composite number?
True
Is 17061059 a prime number?
True
Is 1369187 a prime number?
False
Is 1254958 a prime number?
False
Is 24311323 a composite nu